r when 165 is divided by 12?
9
Calculate the remainder when 59241 is divided by 38.
37
Calculate the remainder when 311 is divided by 4.
3
Calculate the remainder when 92 is divided by 20.
12
What is the remainder when 111 is divided by 23?
19
What is the remainder when 230 is divided by 227?
3
What is the remainder when 335 is divided by 73?
43
What is the remainder when 287 is divided by 48?
47
Calculate the remainder when 86 is divided by 18.
14
Calculate the remainder when 1680 is divided by 99.
96
What is the remainder when 903 is divided by 440?
23
What is the remainder when 36023 is divided by 237?
236
Calculate the remainder when 613 is divided by 27.
19
Calculate the remainder when 118 is divided by 23.
3
Calculate the remainder when 206 is divided by 14.
10
What is the remainder when 265 is divided by 133?
132
What is the remainder when 1460 is divided by 17?
15
What is the remainder when 641 is divided by 27?
20
Calculate the remainder when 967 is divided by 300.
67
Calculate the remainder when 453 is divided by 114.
111
What is the remainder when 8583 is divided by 9?
6
Calculate the remainder when 423 is divided by 61.
57
What is the remainder when 1130 is divided by 1?
0
What is the remainder when 247 is divided by 113?
21
Calculate the remainder when 1189 is divided by 100.
89
What is the remainder when 1377 is divided by 40?
17
Calculate the remainder when 372 is divided by 11.
9
What is the remainder when 489 is divided by 15?
9
What is the remainder when 391 is divided by 58?
43
What is the remainder when 4114 is divided by 2055?
4
Calculate the remainder when 2719 is divided by 897.
28
What is the remainder when 103 is divided by 4?
3
Calculate the remainder when 808 is divided by 58.
54
What is the remainder when 53 is divided by 23?
7
Calculate the remainder when 691 is divided by 186.
133
What is the remainder when 240 is divided by 60?
0
What is the remainder when 157 is divided by 8?
5
What is the remainder when 49 is divided by 2?
1
Calculate the remainder when 301 is divided by 36.
13
What is the remainder when 116 is divided by 8?
4
Calculate the remainder when 4761 is divided by 1581.
18
What is the remainder when 926 is divided by 62?
58
What is the remainder when 30 is divided by 16?
14
What is the remainder when 332 is divided by 67?
64
Calculate the remainder when 28 is divided by 8.
4
Calculate the remainder when 102 is divided by 15.
12
Calculate the remainder when 655 is divided by 19.
9
Calculate the remainder when 12319 is divided by 176.
175
What is the remainder when 1527 is divided by 102?
99
What is the remainder when 6185 is divided by 91?
88
Calculate the remainder when 353 is divided by 90.
83
What is the remainder when 459 is divided by 16?
11
Calculate the remainder when 284 is divided by 26.
24
What is the remainder when 120 is divided by 58?
4
Calculate the remainder when 111 is divided by 47.
17
Calculate the remainder when 502 is divided by 164.
10
Calculate the remainder when 157 is divided by 86.
71
Calculate the remainder when 1429 is divided by 11.
10
Calculate the remainder when 70 is divided by 12.
10
What is the remainder when 6399 is divided by 256?
255
Calculate the remainder when 277 is divided by 10.
7
What is the remainder when 403 is divided by 58?
55
What is the remainder when 243 is divided by 64?
51
Calculate the remainder when 682 is divided by 186.
124
What is the remainder when 692 is divided by 24?
20
Calculate the remainder when 276 is divided by 26.
16
Calculate the remainder when 16 is divided by 9.
7
Calculate the remainder when 942 is divided by 59.
57
Calculate the remainder when 192 is divided by 23.
8
Calculate the remainder when 10847 is divided by 61.
50
What is the remainder when 10088 is divided by 37?
24
Calculate the remainder when 781 is divided by 113.
103
Calculate the remainder when 930 is divided by 20.
10
What is the remainder when 810 is divided by 404?
2
What is the remainder when 430 is divided by 6?
4
Calculate the remainder when 1605 is divided by 213.
114
Calculate the remainder when 142 is divided by 44.
10
What is the remainder when 202 is divided by 182?
20
What is the remainder when 132 is divided by 45?
42
What is the remainder when 4354 is divided by 66?
64
Calculate the remainder when 335 is divided by 56.
55
Calculate the remainder when 607 is divided by 197.
16
What is the remainder when 23207 is divided by 438?
431
What is the remainder when 95 is divided by 51?
44
Calculate the remainder when 8999 is divided by 300.
299
What is the remainder when 293 is divided by 59?
57
Calculate the remainder when 328 is divided by 77.
20
Calculate the remainder when 1106 is divided by 4.
2
Calculate the remainder when 1151 is divided by 72.
71
What is the remainder when 497 is divided by 46?
37
What is the remainder when 346 is divided by 14?
10
What is the remainder when 140 is divided by 127?
13
What is the remainder when 8732 is divided by 84?
80
Calculate the remainder when 537 is divided by 15.
12
Calculate the remainder when 3002 is divided by 100.
2
What is the remainder when 72 is divided by 17?
4
Calculate the remainder when 85 is divided by 22.
19
What is the remainder when 1048 is divided by 5?
3
What is the remainder when 173 is divided by 79?
15
Calculate the remainder when 229 is divided by 10.
9
What is the remainder when 96 is divided by 26?
18
What is the remainder when 1197 is divided by 120?
117
What is the remainder when 50 is divided by 4?
2
Calculate the remainder when 442 is divided by 142.
16
What is the remainder when 557 is divided by 4?
1
What is the remainder when 175 is divided by 44?
43
What is the remainder when 23 is divided by 3?
2
Calculate the remainder when 18719 is divided by 130.
129
What is the remainder when 57 is divided by 24?
9
What is the remainder when 496 is divided by 27?
10
Calculate the remainder when 522 is divided by 83.
24
What is the remainder when 338 is divided by 53?
20
Calculate the remainder when 5232 is divided by 34.
30
What is the remainder when 2435 is divided by 53?
50
Calculate the remainder when 1652 is divided by 36.
32
What is the remainder when 342 is divided by 41?
14
What is the remainder when 115 is divided by 40?
35
Calculate the remainder when 1140 is divided by 12.
0
What is the remainder when 477 is divided by 32?
29
What is the remainder when 164 is divided by 34?
28
Calculate the remainder when 27 is divided by 7.
6
What is the remainder when 190 is divided by 61?
7
Calculate the remainder when 817 is divided by 39.
37
What is the remainder when 877 is divided by 178?
165
Calculate the remainder when 184 is divided by 75.
34
Calculate the remainder when 77 is divided by 40.
37
Calculate the remainder when 718 is divided by 20.
18
Calculate the remainder when 412 is divided by 18.
16
What is the remainder when 240 is divided by 22?
20
What is the remainder when 1171 is divided by 14?
9
Calculate the remainder when 154 is divided by 30.
4
Calculate the remainder when 190 is divided by 14.
8
What is the remainder when 86 is divided by 57?
29
Calculate the remainder when 4421 is divided by 11.
10
Calculate the remainder when 80 is divided by 21.
17
Calculate the remainder when 522 is divided by 71.
25
Calculate the remainder when 649 is divided by 26.
25
What is the remainder when 548 is divided by 40?
28
Calculate the remainder when 115 is divided by 95.
20
What is the remainder when 1211 is divided by 321?
248
What is the remainder when 6217 is divided by 20?
17
Calculate the remainder when 7511 is divided by 12.
11
Calculate the remainder when 447 is divided by 18.
15
Calculate the remainder when 306 is divided by 78.
72
What is the remainder when 62 is divided by 43?
19
What is the remainder when 848 is divided by 268?
44
Calculate the remainder when 915 is divided by 21.
12
Calculate the remainder when 1818 is divided by 45.
18
What is the remainder when 1412 is divided by 240?
212
What is the remainder when 183 is divided by 17?
13
What is the remainder when 1297 is divided by 23?
9
Calculate the remainder when 124 is divided by 44.
36
Calculate the remainder when 10243 is divided by 15.
13
What is the remainder when 1773 is divided by 3?
0
Calculate the remainder when 